
2, 7
Suppose -4*k - 3 = 1, -2*d + 2*k = 56. Let b = -16 - d. What are the prime factors of b?
13
Let z(k) = k**3 + 17*k**2 + 16*k - 2. Let m be z(-16). Let h be ((-228)/(-9))/(m/(-3)). Suppose 0 = -4*p + 2*p + h. List the prime factors of p.
19
Suppose 0 = -u + 2*u + 4*f - 39, 4*u + f = 96. Let c(s) = 2*s - 22. What are the prime factors of c(u)?
2, 3
Let p(x) = -5*x**2 - 13*x + 7. Let y(z) = 2*z**2 + 4*z - 2. Let q(f) = 3*p(f) + 8*y(f). Let r be q(4). Let g = 7 - r. List the prime factors of g.
2, 7
Let a = 2 + 2. Let q be 7 + ((-5)/15 - (-56)/(-12)). Suppose 57 = q*g - 5*u, 7*u = -a*g + 2*u + 129. What are the prime factors of g?
31
Let s(z) = 3*z**2 - 1. Let c = 4 + -5. Let x be s(c). Suppose -x*m + 125 = 3*m. List the prime factors of m.
5
Let w = 10 - 12. Let k be w/18*3*-12. Suppose -5*r = -4*l - 350, 0 = -5*l - 21 - k. What are the prime factors of r?
2, 3, 11
Let o(q) = q**3 - 45*q**2 + 26*q - 268. List the prime factors of o(46).
2, 761
Let r be 64/(-40)*5/(-2). Suppose l - r*l - j + 9 = 0, -4*l = -4*j - 12. Suppose -4*t + 9 = -l*t - h, -4 = -4*h. What are the prime factors of t?
2, 5
Suppose -2*x = 9*x - 16*x. Let u = -45 + 151. Suppose x = -14*m + 16*m - u. What are the prime factors of m?
53
Let n(d) = -129*d + 29. What are the prime factors of n(-7)?
2, 233
Let v(x) = -x + 7. Let r be 8/(-6)*(-165)/44. Let q be v(r). Suppose b + q*o = 12, o = -3*b - 2*o + 24. List the prime factors of b.
2
Suppose -5*m - 3*t + 2230 = 0, 3524 = 5*m - 4*t + 1259. List the prime factors of m.
449
Suppose -5*s + 127 = 2. Suppose -r + 11 + s = 0. List the prime factors of r.
2, 3
Suppose -101*x + 90*x + 297 = 0. List the prime factors of x.
3
Suppose 0 = -k - 3, 2*w - 112 = -0*w - 2*k. Suppose -62 = -5*c - 4*l + 32, -3*c - 5*l = -w. What are the prime factors of c?
2, 3
Suppose 6 + 9 = 3*y. Suppose y*o - 2*s - 8 = -s, -4*o + 1 = s. List the prime factors of (o/(-1))/(5/(-155)).
31
Suppose -5*c + 4*g = -39, -7*c = -3*c + 4*g - 24. Suppose c*v = 3*v + 268. Suppose -3*o + 5*w + 95 = 0, 0 = -o - 2*o - 2*w + v. What are the prime factors of o?
5
Suppose 4*g + 3*s = -s + 24, 0 = 3*g - 3*s + 6. What are the prime factors of ((7/g)/7)/(1/386)?
193
Suppose -b + 422*u = 419*u - 2758, -b = 3*u - 2746. List the prime factors of b.
2, 43
Let d(j) = 2*j**3 - 3*j**2 + j + 2. Suppose 2*f = 5*y - 20, -3*y + 2*f = f - 11. Let u be d(y). What are the prime factors of 0/(-1) + 1*u?
2
Suppose 6*i - 4*i = -4*i. List the prime factors of (i - -3) + -7 - (1 - 42).
37
Let u(s) = s**2 + 4*s - 2. Let b be u(-5). Suppose b = -2*h + 9. Suppose h*l = 56 - 8. What are the prime factors of l?
2
Let t(z) = -2*z**2 - 19*z - 7. Let d be t(-9). Let m = d + 78. What are the prime factors of m?
2, 5
Let b(r) = 4404*r**2 + 24*r + 24. What are the prime factors of b(-1)?
2, 3, 367
Let p = 7 + -2. Let f(n) = -n**2 + 4*n. Let s be f(p). Let g = 28 + s. List the prime factors of g.
23
Let k = 7 + 6. Let b = 17 - k. What are the prime factors of 45/b - (-2)/(-8)?
11
Suppose -4*x + 12*x - 56 = 0. Suppose v - x = 145. List the prime factors of v.
2, 19
Suppose 4*a = -4, 2*r + 0*r + 3*a + 75 = 0. Let b = r + 36. Suppose b = 5*d + 64 - 359. What are the prime factors of d?
59
Let z be (-2 + 49)*(0 + 2). Let o = z - 63. What are the prime factors of o?
31
List the prime factors of -11 - (-86)/8 - 23715/(-12).
2, 13, 19
Let c = -50 - -44. What are the prime factors of (135/(-6))/(c/16)?
2, 3, 5
Let y = -59 - -63. Suppose -12 = -4*g + g - 5*k, 3*g + k - 12 = 0. Suppose 62 = g*j + y*n - 54, 4*n + 124 = 4*j. What are the prime factors of j?
2, 3, 5
Suppose -2*w = -9*w + 4305. Suppose -2*a + 610 = 5*v, 0 = 3*v + 2*v + 3*a - w. What are the prime factors of v?
2, 3, 5
Suppose -18*g + 22*g = 20. Suppose 0 = -5*y + 4*b - 3*b + g, 0 = y + 2*b - 12. Suppose 0 = y*w + 8, -5*u + 98 = -w - 1. List the prime factors of u.
19
Suppose 10*c - 9*c = l + 958, 3*c - 2878 = 5*l. List the prime factors of c.
2, 239
Suppose 0 = -6*o + 24*o - 50706. List the prime factors of o.
3, 313
Let u(w) = 27*w - 408. What are the prime factors of u(23)?
3, 71
Suppose 23 = 5*o + 8. Suppose 3*y - o*d - 381 = 0, 0 = -2*y + d + 230 + 20. List the prime factors of y.
3, 41
Suppose 6*k + 75 = -3*i + k, -k = 3. Let q be (-724)/(-16) - (-25)/i. Suppose 0 = 2*z + d - 135, d + 19 = z - q. List the prime factors of z.
2, 3, 11
Let t(b) = -3*b - b**2 + 2*b**2 - 10*b + b - 7. Let l be t(14). Suppose -i = 2*i - l. List the prime factors of i.
7
Let l = -4736 + 9159. List the prime factors of l.
4423
Let m = -85 + 90. Suppose g - 89 = 3*c, -g - 4*c = m - 66. List the prime factors of g.
7, 11
Let l(t) = t**2 - 6*t - 7. Let u be l(7). Suppose u = -4*g + 74 + 22. Suppose -g*j - 152 = -28*j. What are the prime factors of j?
2, 19
Let x be 400 - (-3 - (0 + -4)). Let m = x + -159. What are the prime factors of m?
2, 3, 5
Suppose 1457 = 7*i - 4311. List the prime factors of i.
2, 103
Let d = 213 + -117. Suppose -d = 7*z - 10*z. Let f = 45 - z. What are the prime factors of f?
13
Let v(x) = x**2 + 11*x - 9. Let i be v(-12). Suppose -333 = -6*d + i*d. What are the prime factors of d?
3, 37
Suppose -2*r - 5*f - 1148 = -6*r, -4 = -f. What are the prime factors of r?
2, 73
Suppose -s + 9 = 2*s. What are the prime factors of 235/s + (-13)/39?
2, 3, 13
Suppose 3*w - 4*h - 9 = -7*h, h = w - 1. Suppose -5*r - w*u + 20 = 0, -4*r + r - 14 = -4*u. List the prime factors of (-721)/(-21) + r/3.
5, 7
Suppose -1 + 3 = 2*p. Let w be 0 + (p - (0 - -1)). Suppose b + 3 = 3*f - 3, w = 3*b. What are the prime factors of f?
2
Suppose 25*t + 23*t = 177504. List the prime factors of t.
2, 43
Let q = 7 + -5. Let d = -247 + 421. List the prime factors of d/15 - q/(-5).
2, 3
Let y = 843 - 174. What are the prime factors of y?
3, 223
Let j(d) be the third derivative of 1/120*d**6 + 0 - 11/60*d**5 - 3/8*d**4 + 0*d - 2*d**2 - 13/6*d**3. List the prime factors of j(12).
23
Let k be 10*(-4)/8 - (1 + -9). Suppose -w + 35 = -17. Let o = w - k. What are the prime factors of o?
7
Suppose 3 = -5*c + 28. Suppose 0 = -3*i + 2*l + 61, c*l + 46 = 2*i + 9*l. What are the prime factors of i?
3, 7
Suppose p - 828 = 3*b, 18 = 2*b + 22. List the prime factors of p.
2, 3, 137
Let k(r) = r**2 - 20. Let h be k(-5). Suppose -4*a = h*a - 1629. List the prime factors of a.
181
Suppose 0 = -q - 1, -3*q + 478 = -5*f + 1606. What are the prime factors of f?
3, 5
Suppose -18*n + 3171 = -9393. What are the prime factors of n?
2, 349
Suppose 2 = -5*o + 77. Let c be (0 - 2)*o/(-10). Let d(x) = x**3 - 2*x**2 - 2*x + 3. List the prime factors of d(c).
2, 3
Let z(u) = 24*u - 55. List the prime factors of z(9).
7, 23
Suppose -5*o = -515 - 950. Suppose -203 = -4*q + 3*g + o, -365 = -3*q + 4*g. List the prime factors of q.
127
Suppose 2*x - 8 - 2 = 3*n, -20 = -4*n - 4*x. Suppose -f = -5*z - n*f + 244, 4*z = 2*f + 194. Let h = z + -30. What are the prime factors of h?
19
Suppose -5*g + 2*b = -1971, 1441 = 5*g - 5*b - 524. What are the prime factors of g?
5, 79
Let m = 2 - 3. Let c(q) = -90*q**3 - q**2 - q - 1. What are the prime factors of c(m)?
89
Let n = 493 + -297. Let p = 281 - n. List the prime factors of p.
5, 17
Let h = -85 - -98. What are the prime factors of h?
13
Suppose -r - 5 = -p + 3, 3 = -p. Let z = r + 7. Let n(x) = -4*x + 4. What are the prime factors of n(z)?
2, 5
Let k = 93 - 91. Suppose -3*n - 289 = -k*s, -3*s - s + 563 = -3*n. What are the prime factors of s?
137
Let l(w) = -11*w**3 + 7*w**2 + w - 18. Let m(r) = -5*r**3 + 3*r**2 - 9. Let s(u) = -4*l(u) + 9*m(u). What are the prime factors of s(-4)?
5, 11
Let m(l) = 39*l + 1. Let z be m(-2). Let t = z + 137. List the prime factors of t.
2, 3, 5
Let p(k) = 88*k + 28. Let m be p(3). Let y = -195 + m. List the prime factors of y.
97
Let v = 225 + 655. What are the prime factors of v?
2, 5, 11
Let h(i) = 84*i**3 + 2*i - 3. What are the prime factors of h(2)?
673
Let y(w) = 60*w**3 - 2*w**2 + 5*w - 4. Let r be y(2). Suppose -r = -3*q + 407. What are the prime factors of q?
5, 59
Suppose 2*f - 3*v = -2*f - 4, f = 3*v - 10. Suppose -f*j = -3 - 1. List the prime factors of j/(-13) + 3128/52.
2, 3, 5
Let g(a) = a - 1. Let s(o) = 4*o - 67. Let n(p) = -2*g(p) + s(p). Let v be n(0). List the prime factors of 6/(-10) - 819/v.
2, 3
Let c(u) = 7*u**3 + u**2 - 